{"id":232,"date":"2024-04-07T16:32:54","date_gmt":"2024-04-07T14:32:54","guid":{"rendered":"https:\/\/www.apifera.org\/?page_id=232"},"modified":"2024-04-07T16:50:29","modified_gmt":"2024-04-07T14:50:29","slug":"hanneton-commun-melolontha","status":"publish","type":"page","link":"https:\/\/www.apifera.org\/index.php\/faune\/hanneton-commun-melolontha\/","title":{"rendered":"Le hanneton commun"},"content":{"rendered":"\n<h3 class=\"wp-block-heading has-text-align-center\"><em>Melolontha melolontha (Linnaeus, 1758)<\/em> &#8211; Scarabaeidae &#8211; Le hanneton commun<\/h3>\n\n\n\n<div class=\"wp-block-columns is-layout-flex wp-container-core-columns-is-layout-9d6595d7 wp-block-columns-is-layout-flex\">\n<div class=\"wp-block-column is-layout-flow wp-block-column-is-layout-flow\">\n<figure class=\"wp-block-image size-full\"><img loading=\"lazy\" decoding=\"async\" width=\"600\" height=\"600\" src=\"https:\/\/www.apifera.org\/wp-content\/uploads\/2024\/04\/hanneton-commun-3.jpg\" alt=\"\" class=\"wp-image-235\" srcset=\"https:\/\/www.apifera.org\/wp-content\/uploads\/2024\/04\/hanneton-commun-3.jpg 600w, https:\/\/www.apifera.org\/wp-content\/uploads\/2024\/04\/hanneton-commun-3-300x300.jpg 300w, https:\/\/www.apifera.org\/wp-content\/uploads\/2024\/04\/hanneton-commun-3-150x150.jpg 150w\" sizes=\"auto, (max-width: 600px) 100vw, 600px\" \/><\/figure>\n<\/div>\n\n\n\n<div class=\"wp-block-column is-layout-flow wp-block-column-is-layout-flow\">\n<p class=\"has-text-align-center\"><strong>Classification scientifique :<\/strong><\/p>\n\n\n\n<p><strong>Phylum : Arthropodes<\/strong><\/p>\n\n\n\n<p><strong>Classe : Insecta<\/strong><\/p>\n\n\n\n<p><strong>Ordre : <\/strong>Coleoptera<\/p>\n\n\n\n<p><strong>Famille : Scarabaeidae<\/strong><\/p>\n\n\n\n<p><strong>Genre : Melolontha<\/strong><\/p>\n\n\n\n<p><strong>Esp\u00e8ce : melolontha<\/strong><\/p>\n\n\n\n<p><strong>Nom scientifique : <em>Melolontha melolontha<\/em><\/strong><\/p>\n\n\n\n<p><strong>Noms vernaculaires :<\/strong><strong> Hanneton commun<\/strong><\/p>\n<\/div>\n<\/div>\n\n\n\n<div class=\"wp-block-columns is-layout-flex wp-container-core-columns-is-layout-9d6595d7 wp-block-columns-is-layout-flex\">\n<div class=\"wp-block-column is-layout-flow wp-block-column-is-layout-flow\">\n<p>Le hanneton commun (<em>Melolontha melolontha<\/em>) est un insecte de la <dfn>famille<\/dfn> des Scarabaeidae. Peu visible le jour, il se d\u00e9place \u00e0 la tomb\u00e9e du jour volant bruyamment. On le reconna\u00eet \u00e0 ses \u00e9lytres brunes acajou parfois l\u00e9g\u00e8rement stri\u00e9es et \u00e0 ses antennes rouges pr\u00e9pond\u00e9rantes. Il mesure 2,5 cm de longueur pour 1,5 cm de largeur. Sa larve pose parfois des probl\u00e8mes au potager.<\/p>\n\n\n\n<p>Autrefois, on pouvait assister \u00e0 des envols de hannetons spectaculaires. De nos jours, cet insecte se rar\u00e9fie \u00e0 cause de l&rsquo;utilisation massive de pesticides, de l&rsquo;agriculture <dfn>intensive <\/dfn>et de la destruction de son milieu de vie.<\/p>\n\n\n\n<p><em>Photos : Elizabeth Coutou<\/em> (prises dans son jardin du c\u00f4t\u00e9 de Penne sur Tarn en avril 2020)<\/p>\n<\/div>\n<\/div>\n\n\n\n<div class=\"wp-block-columns is-layout-flex wp-container-core-columns-is-layout-9d6595d7 wp-block-columns-is-layout-flex\">\n<div class=\"wp-block-column is-layout-flow wp-block-column-is-layout-flow\">\n<figure class=\"wp-block-image size-full\"><img loading=\"lazy\" decoding=\"async\" width=\"600\" height=\"600\" src=\"https:\/\/www.apifera.org\/wp-content\/uploads\/2024\/04\/hanneton-commun-1.jpg\" alt=\"\" class=\"wp-image-237\" srcset=\"https:\/\/www.apifera.org\/wp-content\/uploads\/2024\/04\/hanneton-commun-1.jpg 600w, https:\/\/www.apifera.org\/wp-content\/uploads\/2024\/04\/hanneton-commun-1-300x300.jpg 300w, https:\/\/www.apifera.org\/wp-content\/uploads\/2024\/04\/hanneton-commun-1-150x150.jpg 150w\" sizes=\"auto, (max-width: 600px) 100vw, 600px\" \/><\/figure>\n<\/div>\n\n\n\n<div class=\"wp-block-column is-layout-flow wp-block-column-is-layout-flow\">\n<figure class=\"wp-block-image size-full\"><img loading=\"lazy\" decoding=\"async\" width=\"600\" height=\"600\" src=\"https:\/\/www.apifera.org\/wp-content\/uploads\/2024\/04\/hanneton-commun-2.jpg\" alt=\"\" class=\"wp-image-236\" srcset=\"https:\/\/www.apifera.org\/wp-content\/uploads\/2024\/04\/hanneton-commun-2.jpg 600w, https:\/\/www.apifera.org\/wp-content\/uploads\/2024\/04\/hanneton-commun-2-300x300.jpg 300w, https:\/\/www.apifera.org\/wp-content\/uploads\/2024\/04\/hanneton-commun-2-150x150.jpg 150w\" sizes=\"auto, (max-width: 600px) 100vw, 600px\" \/><\/figure>\n<\/div>\n<\/div>\n","protected":false},"excerpt":{"rendered":"<p>Melolontha melolontha (Linnaeus, 1758) &#8211; Scarabaeidae &#8211; Le hanneton commun Classification scientifique : Phylum : Arthropodes Classe : Insecta Ordre : Coleoptera Famille : Scarabaeidae Genre : Melolontha Esp\u00e8ce : melolontha Nom scientifique : Melolontha melolontha Noms vernaculaires : Hanneton commun Le hanneton commun (Melolontha melolontha) est un insecte de la famille des Scarabaeidae. Peu&hellip;&nbsp;<a href=\"https:\/\/www.apifera.org\/index.php\/faune\/hanneton-commun-melolontha\/\" rel=\"bookmark\">Lire la suite &raquo;<span class=\"screen-reader-text\">Le hanneton commun<\/span><\/a><\/p>\n","protected":false},"author":1,"featured_media":0,"parent":34,"menu_order":2,"comment_status":"closed","ping_status":"closed","template":"","meta":{"neve_meta_sidebar":"","neve_meta_container":"","neve_meta_enable_content_width":"","neve_meta_content_width":0,"neve_meta_title_alignment":"","neve_meta_author_avatar":"","neve_post_elements_order":"","neve_meta_disable_header":"","neve_meta_disable_footer":"","neve_meta_disable_title":"","footnotes":""},"class_list":["post-232","page","type-page","status-publish","hentry"],"_links":{"self":[{"href":"https:\/\/www.apifera.org\/index.php\/wp-json\/wp\/v2\/pages\/232","targetHints":{"allow":["GET"]}}],"collection":[{"href":"https:\/\/www.apifera.org\/index.php\/wp-json\/wp\/v2\/pages"}],"about":[{"href":"https:\/\/www.apifera.org\/index.php\/wp-json\/wp\/v2\/types\/page"}],"author":[{"embeddable":true,"href":"https:\/\/www.apifera.org\/index.php\/wp-json\/wp\/v2\/users\/1"}],"replies":[{"embeddable":true,"href":"https:\/\/www.apifera.org\/index.php\/wp-json\/wp\/v2\/comments?post=232"}],"version-history":[{"count":4,"href":"https:\/\/www.apifera.org\/index.php\/wp-json\/wp\/v2\/pages\/232\/revisions"}],"predecessor-version":[{"id":239,"href":"https:\/\/www.apifera.org\/index.php\/wp-json\/wp\/v2\/pages\/232\/revisions\/239"}],"up":[{"embeddable":true,"href":"https:\/\/www.apifera.org\/index.php\/wp-json\/wp\/v2\/pages\/34"}],"wp:attachment":[{"href":"https:\/\/www.apifera.org\/index.php\/wp-json\/wp\/v2\/media?parent=232"}],"curies":[{"name":"wp","href":"https:\/\/api.w.org\/{rel}","templated":true}]}}