{"id":34,"date":"2024-02-10T17:10:10","date_gmt":"2024-02-10T16:10:10","guid":{"rendered":"https:\/\/www.apifera.org\/?page_id=34"},"modified":"2024-04-07T17:42:11","modified_gmt":"2024-04-07T15:42:11","slug":"faune","status":"publish","type":"page","link":"https:\/\/www.apifera.org\/index.php\/faune\/","title":{"rendered":"Faune"},"content":{"rendered":"<div class=\"wp-block-site-logo\"><a href=\"https:\/\/www.apifera.org\/\" class=\"custom-logo-link\" rel=\"home\"><img loading=\"lazy\" decoding=\"async\" width=\"273\" height=\"156\" src=\"https:\/\/www.apifera.org\/wp-content\/uploads\/2024\/03\/apifera-sciences-naturelles-logo-baniere.jpg\" class=\"custom-logo\" alt=\"APIFERA Sciences naturelles\" srcset=\"https:\/\/www.apifera.org\/wp-content\/uploads\/2024\/03\/apifera-sciences-naturelles-logo-baniere.jpg 403w, https:\/\/www.apifera.org\/wp-content\/uploads\/2024\/03\/apifera-sciences-naturelles-logo-baniere-300x172.jpg 300w\" sizes=\"auto, (max-width: 273px) 100vw, 273px\" \/><\/a><\/div>\n\n\n<h2 class=\"wp-block-heading\">D\u00e9couvrez les fiches consacr\u00e9es aux esp\u00e8ces observ\u00e9es dans le Tarn<\/h2>\n\n\n\n<ul class=\"wp-block-list\">\n<li><a href=\"https:\/\/www.apifera.org\/index.php\/faune\/argiope-fasciee-argiope-frelon-argiope-rayee-epeire-frelon\/\" data-type=\"page\" data-id=\"181\">L&rsquo;argiope fasci\u00e9e<\/a> <\/li>\n\n\n\n<li><a href=\"https:\/\/www.apifera.org\/index.php\/faune\/laraignee-loup\/\" data-type=\"page\" data-id=\"215\">L\u2019araign\u00e9e loup<\/a><\/li>\n\n\n\n<li><a href=\"https:\/\/www.apifera.org\/index.php\/faune\/trichoptere-phryganea\/\" data-type=\"page\" data-id=\"225\">Le trichopt\u00e8re ou Phrygane<\/a><\/li>\n\n\n\n<li><a href=\"https:\/\/www.apifera.org\/index.php\/faune\/hanneton-commun-melolontha\/\" data-type=\"page\" data-id=\"232\">Le hanneton commun<\/a><\/li>\n\n\n\n<li><a href=\"https:\/\/www.apifera.org\/index.php\/faune\/grand-paon-de-nuit-saturnia-pyri\/\" data-type=\"page\" data-id=\"240\">Le Grand Paon de nuit<\/a><\/li>\n\n\n\n<li><a href=\"https:\/\/www.apifera.org\/index.php\/le-crapaud-epineux\/\" data-type=\"page\" data-id=\"249\">Le crapaud \u00e9pineux<\/a><\/li>\n\n\n\n<li><a href=\"https:\/\/www.apifera.org\/index.php\/la-chouette-hulotte\/\" data-type=\"page\" data-id=\"254\">La chouette hulotte<\/a><\/li>\n<\/ul>\n","protected":false},"excerpt":{"rendered":"<p>D\u00e9couvrez les fiches consacr\u00e9es aux esp\u00e8ces observ\u00e9es dans le Tarn<\/p>\n","protected":false},"author":1,"featured_media":0,"parent":0,"menu_order":0,"comment_status":"closed","ping_status":"closed","template":"","meta":{"neve_meta_sidebar":"","neve_meta_container":"","neve_meta_enable_content_width":"on","neve_meta_content_width":100,"neve_meta_title_alignment":"","neve_meta_author_avatar":"","neve_post_elements_order":"","neve_meta_disable_header":"","neve_meta_disable_footer":"","neve_meta_disable_title":"on","footnotes":""},"class_list":["post-34","page","type-page","status-publish","hentry"],"_links":{"self":[{"href":"https:\/\/www.apifera.org\/index.php\/wp-json\/wp\/v2\/pages\/34","targetHints":{"allow":["GET"]}}],"collection":[{"href":"https:\/\/www.apifera.org\/index.php\/wp-json\/wp\/v2\/pages"}],"about":[{"href":"https:\/\/www.apifera.org\/index.php\/wp-json\/wp\/v2\/types\/page"}],"author":[{"embeddable":true,"href":"https:\/\/www.apifera.org\/index.php\/wp-json\/wp\/v2\/users\/1"}],"replies":[{"embeddable":true,"href":"https:\/\/www.apifera.org\/index.php\/wp-json\/wp\/v2\/comments?post=34"}],"version-history":[{"count":9,"href":"https:\/\/www.apifera.org\/index.php\/wp-json\/wp\/v2\/pages\/34\/revisions"}],"predecessor-version":[{"id":264,"href":"https:\/\/www.apifera.org\/index.php\/wp-json\/wp\/v2\/pages\/34\/revisions\/264"}],"wp:attachment":[{"href":"https:\/\/www.apifera.org\/index.php\/wp-json\/wp\/v2\/media?parent=34"}],"curies":[{"name":"wp","href":"https:\/\/api.w.org\/{rel}","templated":true}]}}