{"id":93,"date":"2024-03-14T19:43:19","date_gmt":"2024-03-14T18:43:19","guid":{"rendered":"https:\/\/www.apifera.org\/?page_id=93"},"modified":"2026-01-14T15:30:39","modified_gmt":"2026-01-14T14:30:39","slug":"evenements-sortie-nature-tarn","status":"publish","type":"page","link":"https:\/\/www.apifera.org\/index.php\/evenements-sortie-nature-tarn\/","title":{"rendered":"Agenda"},"content":{"rendered":"\n<h1 class=\"wp-block-heading\">Janvier 2026<\/h1>\n\n\n\n<p>Deux stages de vannerie sont propos\u00e9s les <strong>vendredi 23 et mercredi 28 janvier 2026<\/strong> \u00e0 destination des d\u00e9butants (inscriptions closes). <\/p>\n\n\n\n<p>R\u00e9alisation d\u2019un\u00a0<strong>nichoir pyramidal<\/strong>, encadr\u00e9e par\u00a0<strong>Betty<\/strong>, vanni\u00e8re. Elle pr\u00e9sentera \u00e9galement les mat\u00e9riaux utilis\u00e9s en vannerie, leurs p\u00e9riodes de r\u00e9colte, conservation et modes d\u2019utilisation.<\/p>\n\n\n<div class=\"wp-block-image\">\n<figure class=\"aligncenter size-full\"><img loading=\"lazy\" decoding=\"async\" width=\"170\" height=\"227\" src=\"https:\/\/www.apifera.org\/wp-content\/uploads\/2026\/01\/nichoir-pyramidal-rotated.jpg\" alt=\"\" class=\"wp-image-367\"\/><\/figure>\n<\/div>\n\n\n<h1 class=\"wp-block-heading\">Mars 2025<\/h1>\n\n\n\n<h3 class=\"wp-block-heading\">20 \u00e8me anniversaire de la Semaine Pour les Alternatives aux Pesticides, APIFERA Sciences Naturelles programme \u00e0 cette occasion 3 \u00e9v\u00e9nements : 2 cin\u00e9-d\u00e9bat et 1 conf\u00e9rence dont vous trouverez le d\u00e9tail ci-dessous :<\/h3>\n\n\n\n<div class=\"wp-block-columns is-layout-flex wp-container-core-columns-is-layout-9d6595d7 wp-block-columns-is-layout-flex\">\n<div class=\"wp-block-column is-layout-flow wp-block-column-is-layout-flow\" style=\"flex-basis:66.66%\">\n<h2 class=\"wp-block-heading has-text-align-center\">Mardi 25 mars \u00e0 21h au Cin\u00e9 Select de Montredon-Labessonni\u00e9<\/h2>\n\n\n\n<h2 class=\"wp-block-heading has-text-align-center\">CINE DEBAT<\/h2>\n\n\n\n<h2 class=\"wp-block-heading has-text-align-center\">LES AGITES DU BOCAGE<\/h2>\n\n\n\n<p>Projection du film \u00ab&nbsp;Les agit\u00e9s du bocage&nbsp;\u00bb de Thomas Yz\u00e8be (dur\u00e9e&nbsp;: 52 minutes) suivi d\u2019un d\u00e9bat d\u20191h30 sur le th\u00e8me \u00ab\u00a0Notre sant\u00e9 et l&rsquo;agriculture de demain ?\u00a0\u00bb. Le film aborde la lutte de citoyens se mobilisant pour d\u00e9fendre une agriculture locale et un \u00e9levage de plein air face \u00e0 une production industrielle tentant d\u2019imposer ses normes et mena\u00e7ant de changer radicalement un territoire, bastion de l\u2019agriculture bio&nbsp;; mais aussi les probl\u00e9matiques structurelles qui se posent&nbsp;: pr\u00e9servation des paysages, des sols et de la biodiversit\u00e9, limites de la monoculture, exposition accrue des sols aux intemp\u00e9ries li\u00e9es au d\u00e9r\u00e8glement climatique (inondations, coul\u00e9es de boues), exposition des populations aux intrants chimiques, acc\u00e8s au foncier et imp\u00e9ratifs de rentabilit\u00e9 \u2026<\/p>\n\n\n\n<p>Entr\u00e9e gratuite &#8211; Participation libre au \u00ab&nbsp;chapeau&nbsp;\u00bb au profit du Cin\u00e9-Select<\/p>\n<\/div>\n\n\n\n<div class=\"wp-block-column is-layout-flow wp-block-column-is-layout-flow\" style=\"flex-basis:33.33%\">\n<figure class=\"wp-block-image size-large\"><img loading=\"lazy\" decoding=\"async\" width=\"724\" height=\"1024\" src=\"https:\/\/www.apifera.org\/wp-content\/uploads\/2025\/02\/affiche-cine-debat-les-agites-du-bocage-3-724x1024.png\" alt=\"\" class=\"wp-image-356\" srcset=\"https:\/\/www.apifera.org\/wp-content\/uploads\/2025\/02\/affiche-cine-debat-les-agites-du-bocage-3-724x1024.png 724w, https:\/\/www.apifera.org\/wp-content\/uploads\/2025\/02\/affiche-cine-debat-les-agites-du-bocage-3-212x300.png 212w, https:\/\/www.apifera.org\/wp-content\/uploads\/2025\/02\/affiche-cine-debat-les-agites-du-bocage-3-768x1086.png 768w, https:\/\/www.apifera.org\/wp-content\/uploads\/2025\/02\/affiche-cine-debat-les-agites-du-bocage-3-1086x1536.png 1086w, https:\/\/www.apifera.org\/wp-content\/uploads\/2025\/02\/affiche-cine-debat-les-agites-du-bocage-3-1448x2048.png 1448w, https:\/\/www.apifera.org\/wp-content\/uploads\/2025\/02\/affiche-cine-debat-les-agites-du-bocage-3.png 1587w\" sizes=\"auto, (max-width: 724px) 100vw, 724px\" \/><\/figure>\n<\/div>\n<\/div>\n\n\n\n<div class=\"wp-block-columns is-layout-flex wp-container-core-columns-is-layout-9d6595d7 wp-block-columns-is-layout-flex\">\n<div class=\"wp-block-column is-layout-flow wp-block-column-is-layout-flow\" style=\"flex-basis:66.66%\">\n<h2 class=\"wp-block-heading has-text-align-center\">Samedi 22 mars \u00e0 15h00 \u00e0 l&rsquo;In\u00e9opole de Brens<\/h2>\n\n\n\n<h2 class=\"wp-block-heading has-text-align-center\"><strong>CONFERENCE<\/strong> <\/h2>\n\n\n\n<h3 class=\"wp-block-heading has-text-align-center\">Les pesticides posent-ils un probl\u00e8me de sant\u00e9 publique ?<\/h3>\n\n\n\n<h3 class=\"wp-block-heading\">avec Madame Laurence Gamet-Payrastre, <\/h3>\n\n\n\n<p>directrice de recherche au laboratoire Toxalim de l\u2019INRAE, vice pr\u00e9sidente de la CSRE (Commission Sp\u00e9cialis\u00e9e \u00ab&nbsp;Risques li\u00e9s \u00e0 l\u2019Environnement&nbsp;\u00bb au sein du Haut Conseil de la Sant\u00e9 Publique (HCSP)<\/p>\n\n\n\n<p>Entr\u00e9e gratuite \u2013 Participation libre au \u00ab&nbsp;chapeau&nbsp;\u00bb au profit d\u2019APIFERA<\/p>\n\n\n\n<p><\/p>\n<\/div>\n\n\n\n<div class=\"wp-block-column is-layout-flow wp-block-column-is-layout-flow\" style=\"flex-basis:33.33%\">\n<figure class=\"wp-block-image size-large\"><img loading=\"lazy\" decoding=\"async\" width=\"724\" height=\"1024\" src=\"https:\/\/www.apifera.org\/wp-content\/uploads\/2025\/02\/affiche-conference-mme-payrastre-2-724x1024.png\" alt=\"\" class=\"wp-image-355\" srcset=\"https:\/\/www.apifera.org\/wp-content\/uploads\/2025\/02\/affiche-conference-mme-payrastre-2-724x1024.png 724w, https:\/\/www.apifera.org\/wp-content\/uploads\/2025\/02\/affiche-conference-mme-payrastre-2-212x300.png 212w, https:\/\/www.apifera.org\/wp-content\/uploads\/2025\/02\/affiche-conference-mme-payrastre-2-768x1086.png 768w, https:\/\/www.apifera.org\/wp-content\/uploads\/2025\/02\/affiche-conference-mme-payrastre-2-1086x1536.png 1086w, https:\/\/www.apifera.org\/wp-content\/uploads\/2025\/02\/affiche-conference-mme-payrastre-2-1448x2048.png 1448w, https:\/\/www.apifera.org\/wp-content\/uploads\/2025\/02\/affiche-conference-mme-payrastre-2.png 1587w\" sizes=\"auto, (max-width: 724px) 100vw, 724px\" \/><\/figure>\n<\/div>\n<\/div>\n\n\n\n<div class=\"wp-block-columns is-layout-flex wp-container-core-columns-is-layout-9d6595d7 wp-block-columns-is-layout-flex\">\n<div class=\"wp-block-column is-layout-flow wp-block-column-is-layout-flow\"><\/div>\n\n\n\n<div class=\"wp-block-column is-layout-flow wp-block-column-is-layout-flow\"><\/div>\n\n\n\n<div class=\"wp-block-column is-layout-flow wp-block-column-is-layout-flow\"><\/div>\n<\/div>\n\n\n\n<div class=\"wp-block-columns is-layout-flex wp-container-core-columns-is-layout-9d6595d7 wp-block-columns-is-layout-flex\">\n<div class=\"wp-block-column is-layout-flow wp-block-column-is-layout-flow\" style=\"flex-basis:66.66%\">\n<h2 class=\"wp-block-heading has-text-align-center\"><strong>Jeudi 20 mars \u00e0 20h30 \u00e0 l&rsquo;Imagin&rsquo;Cinema de Gaillac<\/strong> <strong> <\/strong><\/h2>\n\n\n\n<h2 class=\"wp-block-heading has-text-align-center\"><strong>CINE DEBAT <\/strong><\/h2>\n\n\n\n<h2 class=\"wp-block-heading has-text-align-center\">SECRETS TOXIQUES<\/h2>\n\n\n\n<p>Projection du film \u00ab&nbsp;Secrets toxiques&nbsp;\u00bb d\u2019Andy Battentier (dur\u00e9e&nbsp;: 60 minutes) suivi d\u2019un d\u00e9bat d\u20191h30 sur le <strong>th\u00e8me \u00ab&nbsp;Notre sant\u00e9 et celle de la Plan\u00e8te&nbsp;\u00bb<\/strong><\/p>\n\n\n\n<p>Tarif unique de la s\u00e9ance&nbsp;: 6,60 \u20ac<\/p>\n<\/div>\n\n\n\n<div class=\"wp-block-column is-layout-flow wp-block-column-is-layout-flow\" style=\"flex-basis:33.33%\">\n<figure class=\"wp-block-image size-large\"><img loading=\"lazy\" decoding=\"async\" width=\"724\" height=\"1024\" src=\"https:\/\/www.apifera.org\/wp-content\/uploads\/2025\/02\/affiche-cine-debat-secrets-toxiques-3-724x1024.png\" alt=\"\" class=\"wp-image-354\" srcset=\"https:\/\/www.apifera.org\/wp-content\/uploads\/2025\/02\/affiche-cine-debat-secrets-toxiques-3-724x1024.png 724w, https:\/\/www.apifera.org\/wp-content\/uploads\/2025\/02\/affiche-cine-debat-secrets-toxiques-3-212x300.png 212w, https:\/\/www.apifera.org\/wp-content\/uploads\/2025\/02\/affiche-cine-debat-secrets-toxiques-3-768x1086.png 768w, https:\/\/www.apifera.org\/wp-content\/uploads\/2025\/02\/affiche-cine-debat-secrets-toxiques-3-1086x1536.png 1086w, https:\/\/www.apifera.org\/wp-content\/uploads\/2025\/02\/affiche-cine-debat-secrets-toxiques-3-1448x2048.png 1448w, https:\/\/www.apifera.org\/wp-content\/uploads\/2025\/02\/affiche-cine-debat-secrets-toxiques-3.png 1587w\" sizes=\"auto, (max-width: 724px) 100vw, 724px\" \/><\/figure>\n<\/div>\n<\/div>\n\n\n\n<h1 class=\"wp-block-heading\">Novembre 2024<\/h1>\n\n\n\n<div class=\"wp-block-columns is-layout-flex wp-container-core-columns-is-layout-9d6595d7 wp-block-columns-is-layout-flex\">\n<div class=\"wp-block-column is-layout-flow wp-block-column-is-layout-flow\">\n<p><strong><em>D\u00e9couverte et connaissance de la Nature<\/em><\/strong><\/p>\n\n\n\n<p><strong>Dimanche 17&nbsp;&nbsp;novembre 2024<\/strong><\/p>\n\n\n\n<p><strong>Balade naturaliste<\/strong><\/p>\n\n\n\n<p><strong>\u00ab&nbsp;Les plantes primaires\u00bb<\/strong><\/p>\n\n\n\n<p>Lieu&nbsp;: Puycelci. For\u00eat de Gr\u00e9signe.<\/p>\n\n\n\n<p>Nous reprendrons ce que nous n\u2019avons pu faire en novembre 2023 avec une r\u00e9vision sur les sujets que nous avions vus, ce qui informera les nouveaux participants (tes).<\/p>\n\n\n\n<p>La&nbsp;v\u00e9g\u00e9tation unie-cellulaire tels que les Bryophytes, Marchantiophytes (H\u00e9patiques)&nbsp;&nbsp;&nbsp;qui&nbsp;&nbsp;sont des&nbsp;plantes feuill\u00e9es ou thallo\u00efdes non vascularis\u00e9es&nbsp;qui constituent le groupe le plus primitif des plantes terrestres, inf\u00e9od\u00e9es aux milieux humides. Elles deviennent rares \u00e0 cause du r\u00e9chauffement climatique.<\/p>\n\n\n<div class=\"wp-block-image\">\n<figure class=\"aligncenter size-full\"><img loading=\"lazy\" decoding=\"async\" width=\"800\" height=\"533\" src=\"https:\/\/www.apifera.org\/wp-content\/uploads\/2024\/11\/marchantiophyte-conocephalum-cocinum-Ph-CConrad.jpg\" alt=\"\" class=\"wp-image-315\" srcset=\"https:\/\/www.apifera.org\/wp-content\/uploads\/2024\/11\/marchantiophyte-conocephalum-cocinum-Ph-CConrad.jpg 800w, https:\/\/www.apifera.org\/wp-content\/uploads\/2024\/11\/marchantiophyte-conocephalum-cocinum-Ph-CConrad-300x200.jpg 300w, https:\/\/www.apifera.org\/wp-content\/uploads\/2024\/11\/marchantiophyte-conocephalum-cocinum-Ph-CConrad-768x512.jpg 768w\" sizes=\"auto, (max-width: 800px) 100vw, 800px\" \/><figcaption class=\"wp-element-caption\"><em>Conocephalum conicum (Marchanthiophite) &#8211; Photo Christian Conrad<\/em><\/figcaption><\/figure>\n<\/div>\n\n<div class=\"wp-block-image\">\n<figure class=\"aligncenter size-full\"><img loading=\"lazy\" decoding=\"async\" width=\"800\" height=\"600\" src=\"https:\/\/www.apifera.org\/wp-content\/uploads\/2024\/11\/lichen-menegazzia-terebrata.jpg\" alt=\"\" class=\"wp-image-317\" srcset=\"https:\/\/www.apifera.org\/wp-content\/uploads\/2024\/11\/lichen-menegazzia-terebrata.jpg 800w, https:\/\/www.apifera.org\/wp-content\/uploads\/2024\/11\/lichen-menegazzia-terebrata-300x225.jpg 300w, https:\/\/www.apifera.org\/wp-content\/uploads\/2024\/11\/lichen-menegazzia-terebrata-768x576.jpg 768w\" sizes=\"auto, (max-width: 800px) 100vw, 800px\" \/><figcaption class=\"wp-element-caption\"><em>Lichen Menegazzia terebrata<\/em><\/figcaption><\/figure>\n<\/div><\/div>\n\n\n\n<div class=\"wp-block-column is-layout-flow wp-block-column-is-layout-flow\">\n<p><strong>Informations pratiques :<\/strong><\/p>\n\n\n\n<p><strong>Animateur : Christian Conrad, naturaliste.<\/strong><\/p>\n\n\n\n<p>Important&nbsp;: Habits du moment,&nbsp;<strong><u>chaussures de marche<\/u><\/strong>, paire de jumelles, loupe<strong>.<\/strong><strong><\/strong><\/p>\n\n\n\n<p><strong>Rendez-vous&nbsp;:&nbsp;<\/strong><\/p>\n\n\n\n<p><strong>1- LISLE sur TARN&nbsp;<\/strong>D\u00e9part&nbsp;<strong>13h15 <\/strong>(rendez-vous un quart d\u2019heure avant)&nbsp;<strong>Parking D988&nbsp;<\/strong>\u00e0 hauteur du passage \u00e0 niveau, route qui relie Gaillac ou Rabastens (voir plan ci-dessous)<\/p>\n\n\n\n<p><strong>2- Ou \u00e0 Puycelci au parking 13h45 \u00e0 c\u00f4t\u00e9 du cimeti\u00e8re et de l\u2019Office du tourisme (ne pas monter au village).<\/strong><\/p>\n\n\n\n<p>Nombre de participants limit\u00e9 \u00e0&nbsp;<strong><u>15.<\/u><\/strong>&nbsp;&nbsp;&nbsp;Inscription obligatoire aupr\u00e8s d\u2019<strong>ISABELLE<\/strong> par mail <a><strong>sortie.apifera@gmail.com<\/strong><\/a> ou par t\u00e9l\u00e9phone au <strong><u>05.63.75.18.81<\/u><\/strong> (<em>En cas d\u2019absence laisser votre nom, votre num\u00e9ro de t\u00e9l\u00e9phone, nous vous recontacterons. (N\u2019oubliez pas de signaler votre lieu de rendez-vous)<\/em>&nbsp;&nbsp;<\/p>\n\n\n<div class=\"wp-block-image\">\n<figure class=\"aligncenter size-full\"><img loading=\"lazy\" decoding=\"async\" width=\"891\" height=\"448\" src=\"https:\/\/www.apifera.org\/wp-content\/uploads\/2024\/11\/plan-du-parking-lisle-sur-tarn-d988.jpg\" alt=\"\" class=\"wp-image-314\" srcset=\"https:\/\/www.apifera.org\/wp-content\/uploads\/2024\/11\/plan-du-parking-lisle-sur-tarn-d988.jpg 891w, https:\/\/www.apifera.org\/wp-content\/uploads\/2024\/11\/plan-du-parking-lisle-sur-tarn-d988-300x151.jpg 300w, https:\/\/www.apifera.org\/wp-content\/uploads\/2024\/11\/plan-du-parking-lisle-sur-tarn-d988-768x386.jpg 768w\" sizes=\"auto, (max-width: 891px) 100vw, 891px\" \/><figcaption class=\"wp-element-caption\"><em>plan du parking de Lisle sur Tarn sur la D988<\/em><\/figcaption><\/figure>\n<\/div><\/div>\n<\/div>\n\n\n\n<h1 class=\"wp-block-heading\">Octobre 2024<\/h1>\n\n\n\n<div class=\"wp-block-columns is-layout-flex wp-container-core-columns-is-layout-9d6595d7 wp-block-columns-is-layout-flex\">\n<div class=\"wp-block-column is-layout-flow wp-block-column-is-layout-flow\" style=\"flex-basis:50%\">\n<h2 class=\"wp-block-heading has-text-align-center\"><em><strong>&nbsp;Hommage \u00e0 <\/strong><\/em><\/h2>\n\n\n\n<h2 class=\"wp-block-heading has-text-align-center\"><em><strong>R\u00e9mi FRAISSE&nbsp;<\/strong><\/em><\/h2>\n\n\n\n<h3 class=\"wp-block-heading has-text-align-center\"><strong>Samedi 26 Octobre 2024<\/strong> &#8211; Balade Naturaliste \u00ab\u00a0Zones humides du Testet\u00a0\u00bb &#8211; Tarn <\/h3>\n\n\n\n<p class=\"has-text-align-center\"><strong>anim\u00e9e par : R\u00e9mi Clech, Christian Conrad, Botanistes, Naturalistes <\/strong><\/p>\n\n\n\n<div class=\"wp-block-columns is-layout-flex wp-container-core-columns-is-layout-9d6595d7 wp-block-columns-is-layout-flex\">\n<div class=\"wp-block-column is-layout-flow wp-block-column-is-layout-flow\">\n<figure class=\"wp-block-image size-full is-resized\"><img loading=\"lazy\" decoding=\"async\" width=\"510\" height=\"383\" src=\"https:\/\/www.apifera.org\/wp-content\/uploads\/2024\/10\/Remi-.jpg\" alt=\"\" class=\"wp-image-301\" style=\"width:561px;height:auto\" srcset=\"https:\/\/www.apifera.org\/wp-content\/uploads\/2024\/10\/Remi-.jpg 510w, https:\/\/www.apifera.org\/wp-content\/uploads\/2024\/10\/Remi--300x225.jpg 300w\" sizes=\"auto, (max-width: 510px) 100vw, 510px\" \/><\/figure>\n<\/div>\n\n\n\n<div class=\"wp-block-column is-layout-flow wp-block-column-is-layout-flow\"><\/div>\n<\/div>\n<\/div>\n\n\n\n<div class=\"wp-block-column is-layout-flow wp-block-column-is-layout-flow\" style=\"flex-basis:50%\">\n<p>Apr\u00e8s les travaux qui ont endommag\u00e9 gravement la zone humide et suite \u00e0 sa r\u00e9habilitation partielle en 2017, nous d\u00e9couvrirons comment ces espaces se sont r\u00e9organis\u00e9s avec le retour de la faune et de la flore.<\/p>\n\n\n\n<p>Important&nbsp;: Habits du moment, bottes ou chaussures \u00e9tanches<\/p>\n\n\n\n<p><strong>Rendez-vous \u00e0 la Maison foresti\u00e8re de Sivens \u2013Lisle sur Tarn (81).<\/strong><\/p>\n\n\n\n<p><strong>D\u00e9part&nbsp;: 10 heures vers la zone humide<\/strong><\/p>\n\n\n<div class=\"wp-block-image\">\n<figure class=\"aligncenter size-full is-resized\"><img loading=\"lazy\" decoding=\"async\" width=\"960\" height=\"960\" src=\"https:\/\/www.apifera.org\/wp-content\/uploads\/2024\/10\/Renoncule-.jpg\" alt=\"\" class=\"wp-image-302\" style=\"width:289px;height:auto\" srcset=\"https:\/\/www.apifera.org\/wp-content\/uploads\/2024\/10\/Renoncule-.jpg 960w, https:\/\/www.apifera.org\/wp-content\/uploads\/2024\/10\/Renoncule--300x300.jpg 300w, https:\/\/www.apifera.org\/wp-content\/uploads\/2024\/10\/Renoncule--150x150.jpg 150w, https:\/\/www.apifera.org\/wp-content\/uploads\/2024\/10\/Renoncule--768x768.jpg 768w\" sizes=\"auto, (max-width: 960px) 100vw, 960px\" \/><\/figure>\n<\/div><\/div>\n<\/div>\n\n\n\n<h1 class=\"wp-block-heading\">Juillet 2024<\/h1>\n\n\n\n<div class=\"wp-block-columns is-layout-flex wp-container-core-columns-is-layout-9d6595d7 wp-block-columns-is-layout-flex\">\n<div class=\"wp-block-column is-layout-flow wp-block-column-is-layout-flow\">\n<h3 class=\"wp-block-heading\">Dimanche 28 juillet 2024 \u00e0 14h30 &#8211; Sortie Nature sur la zone humide de la Gr\u00e9lari\u00e9 &#8211; Montredon-Labessonni\u00e9 &#8211; Tarn &#8211;  guid\u00e9e par Christian Conrad<\/h3>\n\n\n\n<figure class=\"wp-block-image size-full\"><img loading=\"lazy\" decoding=\"async\" width=\"800\" height=\"600\" src=\"https:\/\/www.apifera.org\/wp-content\/uploads\/2024\/07\/ZH-Grelarie.jpg\" alt=\"\" class=\"wp-image-296\" srcset=\"https:\/\/www.apifera.org\/wp-content\/uploads\/2024\/07\/ZH-Grelarie.jpg 800w, https:\/\/www.apifera.org\/wp-content\/uploads\/2024\/07\/ZH-Grelarie-300x225.jpg 300w, https:\/\/www.apifera.org\/wp-content\/uploads\/2024\/07\/ZH-Grelarie-768x576.jpg 768w\" sizes=\"auto, (max-width: 800px) 100vw, 800px\" \/><figcaption class=\"wp-element-caption\"><em>Sortie sur la zone humide de la Gr\u00e9lari\u00e9 en 2017<\/em><\/figcaption><\/figure>\n<\/div>\n\n\n\n<div class=\"wp-block-column is-layout-flow wp-block-column-is-layout-flow\"><div class=\"wp-block-image\">\n<figure class=\"aligncenter size-full is-resized\"><img loading=\"lazy\" decoding=\"async\" width=\"600\" height=\"800\" src=\"https:\/\/www.apifera.org\/wp-content\/uploads\/2024\/07\/ZH-la-grelarie-salicaire.jpg\" alt=\"\" class=\"wp-image-297\" style=\"width:398px;height:auto\" srcset=\"https:\/\/www.apifera.org\/wp-content\/uploads\/2024\/07\/ZH-la-grelarie-salicaire.jpg 600w, https:\/\/www.apifera.org\/wp-content\/uploads\/2024\/07\/ZH-la-grelarie-salicaire-225x300.jpg 225w\" sizes=\"auto, (max-width: 600px) 100vw, 600px\" \/><figcaption class=\"wp-element-caption\"><em>Lithrum salicaria &#8211; Lithraceae &#8211; Salicaire<\/em><\/figcaption><\/figure>\n<\/div><\/div>\n<\/div>\n\n\n\n<h1 class=\"wp-block-heading\">Mai 2024<\/h1>\n\n\n\n<div class=\"wp-block-columns is-layout-flex wp-container-core-columns-is-layout-9d6595d7 wp-block-columns-is-layout-flex\">\n<div class=\"wp-block-column is-layout-flow wp-block-column-is-layout-flow\">\n<h3 class=\"wp-block-heading\">Dimanche 19 et Lundi 20 mai 2024 &#8211; Biocyb\u00e8le &#8211; Balade botanique de 10 h \u00e0 12 h guid\u00e9e par Christian Conrad<\/h3>\n\n\n\n<figure class=\"wp-block-image size-full\"><img loading=\"lazy\" decoding=\"async\" width=\"600\" height=\"849\" src=\"https:\/\/www.apifera.org\/wp-content\/uploads\/2024\/05\/affiche-biocybele-2024.jpg\" alt=\"\" class=\"wp-image-290\" srcset=\"https:\/\/www.apifera.org\/wp-content\/uploads\/2024\/05\/affiche-biocybele-2024.jpg 600w, https:\/\/www.apifera.org\/wp-content\/uploads\/2024\/05\/affiche-biocybele-2024-212x300.jpg 212w\" sizes=\"auto, (max-width: 600px) 100vw, 600px\" \/><\/figure>\n<\/div>\n\n\n\n<div class=\"wp-block-column is-layout-flow wp-block-column-is-layout-flow\">\n<h3 class=\"wp-block-heading\">Dimanche 26 mai 2024 &#8211; Balade botanique \u00ab\u00a0V\u00e9g\u00e9tation du Causse Blanc du Quercy\u00a0\u00bb \u00e0 Montdoumerc dans le LOT<\/h3>\n\n\n\n<p><\/p>\n\n\n\n<p><\/p>\n\n\n\n<figure class=\"wp-block-image size-full\"><img loading=\"lazy\" decoding=\"async\" width=\"600\" height=\"450\" src=\"https:\/\/www.apifera.org\/wp-content\/uploads\/2024\/05\/astragale-montpellier.jpg\" alt=\"\" class=\"wp-image-291\" srcset=\"https:\/\/www.apifera.org\/wp-content\/uploads\/2024\/05\/astragale-montpellier.jpg 600w, https:\/\/www.apifera.org\/wp-content\/uploads\/2024\/05\/astragale-montpellier-300x225.jpg 300w\" sizes=\"auto, (max-width: 600px) 100vw, 600px\" \/><figcaption class=\"wp-element-caption\"><strong><em>Astragalus monspessulanus<\/em><\/strong><\/figcaption><\/figure>\n<\/div>\n<\/div>\n\n\n\n<h1 class=\"wp-block-heading\">Mars 2024<\/h1>\n\n\n\n<div class=\"wp-block-columns is-layout-flex wp-container-core-columns-is-layout-9d6595d7 wp-block-columns-is-layout-flex\">\n<div class=\"wp-block-column is-layout-flow wp-block-column-is-layout-flow\">\n<h3 class=\"wp-block-heading\">Cin\u00e9 D\u00e9bat Jeudi 5 mars 2024 &#8211; La Ferme des Bertrand &#8211; Imagin&rsquo;Cin\u00e9mas de Gaillac sur le th\u00e8me de \u00ab\u00a0Quelle agriculture pour demain ?\u00a0\u00bb<\/h3>\n\n\n\n<figure class=\"wp-block-image size-full\"><img loading=\"lazy\" decoding=\"async\" width=\"541\" height=\"765\" src=\"https:\/\/www.apifera.org\/wp-content\/uploads\/2024\/03\/crise-agricole3.jpg\" alt=\"\" class=\"wp-image-81\" srcset=\"https:\/\/www.apifera.org\/wp-content\/uploads\/2024\/03\/crise-agricole3.jpg 541w, https:\/\/www.apifera.org\/wp-content\/uploads\/2024\/03\/crise-agricole3-212x300.jpg 212w\" sizes=\"auto, (max-width: 541px) 100vw, 541px\" \/><\/figure>\n<\/div>\n\n\n\n<div class=\"wp-block-column is-layout-flow wp-block-column-is-layout-flow\">\n<h3 class=\"wp-block-heading\">Balade botanique de printemps &#8211; Causse de Lagarde (Castelnau de Montmiral) \u2013 Premi\u00e8res fleurs &#8211; Dimanche 24 mars 2024<\/h3>\n\n\n\n<div class=\"wp-block-group is-vertical is-layout-flex wp-container-core-group-is-layout-8cf370e7 wp-block-group-is-layout-flex\">\n<p>La floraison des plantes \u00e0 fleurs est chaque ann\u00e9e plus pr\u00e9coce, chaleur et luminosit\u00e9 en sont des facteurs d\u00e9terminants, la cause, le d\u00e9r\u00e8glement climatique. Sur un sol calcaire plut\u00f4t pauvre pousse une v\u00e9g\u00e9tation adapt\u00e9e \u00e0 ce biotope. Nous d\u00e9couvrirons un milieu riche avec une grande diversit\u00e9 de plantes pour cette premi\u00e8re balade de l\u2019ann\u00e9e.<\/p>\n\n\n\n<p>Pour grand public<\/p>\n\n\n\n<p>Animateur&nbsp;: Christian Conrad, botaniste, naturaliste<\/p>\n\n\n\n<figure class=\"wp-block-image size-full\"><img loading=\"lazy\" decoding=\"async\" width=\"532\" height=\"532\" src=\"https:\/\/www.apifera.org\/wp-content\/uploads\/2024\/03\/ophrys-lutea.jpg\" alt=\"\" class=\"wp-image-74\" srcset=\"https:\/\/www.apifera.org\/wp-content\/uploads\/2024\/03\/ophrys-lutea.jpg 532w, https:\/\/www.apifera.org\/wp-content\/uploads\/2024\/03\/ophrys-lutea-300x300.jpg 300w, https:\/\/www.apifera.org\/wp-content\/uploads\/2024\/03\/ophrys-lutea-150x150.jpg 150w\" sizes=\"auto, (max-width: 532px) 100vw, 532px\" \/><\/figure>\n<\/div>\n<\/div>\n<\/div>\n","protected":false},"excerpt":{"rendered":"<p>Janvier 2026 Deux stages de vannerie sont propos\u00e9s les vendredi 23 et mercredi 28 janvier 2026 \u00e0 destination des d\u00e9butants (inscriptions closes). R\u00e9alisation d\u2019un\u00a0nichoir pyramidal, encadr\u00e9e par\u00a0Betty, vanni\u00e8re. Elle pr\u00e9sentera \u00e9galement les mat\u00e9riaux utilis\u00e9s en vannerie, leurs p\u00e9riodes de r\u00e9colte, conservation et modes d\u2019utilisation. Mars 2025 20 \u00e8me anniversaire de la Semaine Pour les Alternatives&hellip;&nbsp;<a href=\"https:\/\/www.apifera.org\/index.php\/evenements-sortie-nature-tarn\/\" rel=\"bookmark\">Lire la suite &raquo;<span class=\"screen-reader-text\">Agenda<\/span><\/a><\/p>\n","protected":false},"author":1,"featured_media":0,"parent":0,"menu_order":0,"comment_status":"closed","ping_status":"closed","template":"","meta":{"neve_meta_sidebar":"","neve_meta_container":"","neve_meta_enable_content_width":"","neve_meta_content_width":0,"neve_meta_title_alignment":"","neve_meta_author_avatar":"","neve_post_elements_order":"","neve_meta_disable_header":"","neve_meta_disable_footer":"","neve_meta_disable_title":"","footnotes":""},"class_list":["post-93","page","type-page","status-publish","hentry"],"_links":{"self":[{"href":"https:\/\/www.apifera.org\/index.php\/wp-json\/wp\/v2\/pages\/93","targetHints":{"allow":["GET"]}}],"collection":[{"href":"https:\/\/www.apifera.org\/index.php\/wp-json\/wp\/v2\/pages"}],"about":[{"href":"https:\/\/www.apifera.org\/index.php\/wp-json\/wp\/v2\/types\/page"}],"author":[{"embeddable":true,"href":"https:\/\/www.apifera.org\/index.php\/wp-json\/wp\/v2\/users\/1"}],"replies":[{"embeddable":true,"href":"https:\/\/www.apifera.org\/index.php\/wp-json\/wp\/v2\/comments?post=93"}],"version-history":[{"count":11,"href":"https:\/\/www.apifera.org\/index.php\/wp-json\/wp\/v2\/pages\/93\/revisions"}],"predecessor-version":[{"id":368,"href":"https:\/\/www.apifera.org\/index.php\/wp-json\/wp\/v2\/pages\/93\/revisions\/368"}],"wp:attachment":[{"href":"https:\/\/www.apifera.org\/index.php\/wp-json\/wp\/v2\/media?parent=93"}],"curies":[{"name":"wp","href":"https:\/\/api.w.org\/{rel}","templated":true}]}}